 - 6*r**2 - 4*r + 7. Is n(1) composite?
False
Let v = 9981 - -363802. Is v composite?
False
Suppose 0 = 11*j - 4*j - 21. Suppose -j*a + 26083 = 5*n, 4*a - 3774 - 1429 = -n. Is n prime?
False
Let k be 23 - -3 - (-2 - -6). Suppose 2*p = -6*d + 5*d + k, 38 = 4*p - d. Suppose -3*b - 10367 = -p*b. Is b prime?
True
Suppose -323694 = -261*q + 85293. Let t be 4/(-10) - (-10456)/(-10). Let r = q + t. Is r composite?
False
Let o = -136457 + 281430. Is o prime?
True
Let u = -139 + 143. Suppose 6 = 2*y, 2*q - u*y = -0*q + 1630. Is q composite?
False
Suppose -3*c - z + 13 = 0, -12 = -3*c - 3*z - 3. Suppose -2*t + 178 = 2*a, 151 = 3*a - c*t - 116. Let y = 957 + a. Is y a composite number?
True
Let u(q) = -q**3 + 40*q**2 - 32*q + 86. Is u(15) a composite number?
False
Let m be -5*20/(-25) + -1. Let y(i) = i**3 + i + 885. Let a be y(0). Suppose -8*f = -m*f - a. Is f a prime number?
False
Let m(b) = -3*b + 2. Let l be m(-2). Suppose 98 = -5*a + 54*a. Suppose l*v = a*v + 2370. Is v composite?
True
Suppose 8521 = -5*s - c, -5*c - 2087 = s - 378. Let q = 6184 - s. Suppose -3*d - 607 = -q. Is d composite?
True
Suppose -4*l + l = -5*q - 5, -q = -5*l + 23. Suppose l*x + 264 = -x. Is 10111/11 - (-8)/x a composite number?
False
Suppose 0 = x + c - 32, 6*x = 10*x - 3*c - 107. Is -339*(x/(-3) + 6) composite?
True
Let m = 95 + -88. Suppose m*a - 1429 = 4*a - 4*r, -2399 = -5*a + 2*r. Is a a prime number?
True
Is 330/2145 + (-969681)/(-13) composite?
True
Let g(q) = -10*q - 3*q + 14*q + 1. Let j(r) = -5*r**2 - 6*r - 6. Let u(l) = 3*g(l) - j(l). Is u(-7) composite?
False
Let i(z) = -z**2 + 28*z - 29. Let p = 130 + -68. Suppose 5*k - p = 13. Is i(k) a composite number?
True
Let x = -460 + 462. Suppose x*k = -5*q + 23551, 4*k - 23561 = -5*q + 7*k. Is q prime?
False
Let x = -524482 + 894036. Is x composite?
True
Let v be (-2 + 4 - -6) + -3. Suppose 0*t - 4*t + v*r + 2712 = 0, 3*t - r - 2045 = 0. Is t a prime number?
True
Suppose 4*a = -3*g + 69, a - 30 = -11*g + 6*g. Suppose 5*q + 4730 = a*q. Is q prime?
False
Let y = -56172 - -79119. Is y a prime number?
False
Let t(d) = -5057*d - 3781. Is t(-18) a prime number?
False
Suppose 5*i - 12 = -2. Let a be (2 + i)/(-8)*-4. Is 3868/12 + a/3 composite?
True
Suppose -70 - 8 = 2*o. Let h = o - -37. Is (-18 + -1)/((-6)/(-492)*h) composite?
True
Let y(b) be the first derivative of 22*b**2 + 67*b - 80. Suppose -2*v = 4*m + 4, -v = -m - 10 - 0. Is y(v) composite?
False
Let r = 1522 + -732. Suppose 5*b = 3*v - 14102, -3*v = b + r - 14886. Is v a prime number?
False
Let s(p) = p**3 + 3*p**2 + 4*p + 5. Let f be s(5). Suppose -12*h = -1073 - 79. Let z = h + f. Is z a composite number?
True
Let t = 2275465 + -837774. Is t composite?
False
Suppose 1184563 + 273006 = 29*t. Is t composite?
False
Let l be (-843)/27 - (-6)/27. Let u = 33 + l. Suppose -4*h - 5*i + 50 + 65 = 0, -56 = -2*h - u*i. Is h composite?
True
Let m(u) = 2587*u - 146. Is m(3) a composite number?
True
Suppose -2*s = -s - 7. Suppose -13 = 2*i - s*i + 2*f, -i - 4*f + 7 = 0. Is (i/3)/((-4)/(-1228)) a prime number?
True
Suppose -3*i - 2*l + 40 = 0, -l + 1 = -4. Suppose -3*p = -p + i, 5 = 3*z - p. Suppose -g + 0 + 23 = z. Is g composite?
False
Let u be ((-7)/(49/30))/((-228)/1064). Is 26170/40 - (-15)/u composite?
True
Let t = -37754 - -63411. Is t a prime number?
True
Let s = -26483 + 84474. Is s a prime number?
True
Suppose -20*w + 702 = 202. Suppose 131684 = 3*c + w*c. Is c a composite number?
False
Suppose -2*p + 475016 = 5*r - 297097, 3*r = 4*p - 1544135. Is p a composite number?
False
Let k(c) = -3421*c - 7815. Is k(-56) prime?
True
Is 26/325 - 119646/(-50) a composite number?
False
Suppose -15*x + 209*x = -43*x + 226056999. Is x a composite number?
True
Suppose 164138 = 3*c - 5*l, -273620 = -5*c - 9*l + 6*l. Let p = c - 34032. Is p composite?
True
Let c(t) = 9423*t**2 + 15*t + 35. Is c(-4) a composite number?
False
Let i = 150 + -150. Suppose 91*r - 87*r - 10820 = i. Is r composite?
True
Let o(d) = -3*d**2 - 26*d - 12. Let m be o(-8). Suppose 0 = 2*q - z - 10895, 4*z - 21786 = -m*q + 2*z. Is q composite?
True
Let f(q) = -q + 15. Let c be f(13). Suppose 3*g - 12 = -4*o, -6*o = -c*o + g - 12. Suppose 0 = -k + o*y + 970, 2*y - 5*y = 3*k - 2970. Is k prime?
False
Let s = -129 + 126. Let k(i) = -93*i**3 + 2*i**2 - i - 11. Is k(s) a prime number?
True
Let o = -18350 + 10174. Let g = -3603 - o. Is g a composite number?
True
Suppose 0 = -g + 3*g + 4. Is (-10117)/g + -7 + 90/12 a prime number?
True
Suppose -57 = -8*h - 153. Let m be 712/12*(-1)/((-2)/h). Is m*6*(-4)/32 a composite number?
True
Let q(a) = 111*a**2 + 87*a - 881. Is q(30) a composite number?
True
Let w(l) = -9*l**2 - 25*l - 3. Let x(y) = 4*y**2 + 13*y + 2. Let v(p) = -6*w(p) - 11*x(p). Let u = -1343 - -1334. Is v(u) a composite number?
False
Let d(v) = -2*v - 17*v - 5 - 15*v - v**2 - 42*v - 27*v. Is d(-45) prime?
False
Let d(i) be the second derivative of i**3/6 + 3*i**2 - 13*i. Let f be d(-4). Suppose 0 = f*w - 1108 - 450. Is w a prime number?
False
Let q = 18656 + 82. Suppose 0 = 3*f - 3*a - q, -3*f = f + 5*a - 24975. Is f composite?
True
Suppose 2*v - 4 = 0, -4*z + 6*v = 5*v - 127698. Suppose 160*n + z = 165*n. Is n a composite number?
True
Is 24/3 + 104812 + 21/3 a prime number?
True
Suppose -48*z + 69498 + 118845 + 13305 = 0. Is z composite?
False
Suppose 4*i = -5*q - 113, 5*i + 2*q + 3*q = -145. Let s be i/(-14) - (-12)/(-42). Suppose 2*u + 0*z + 2*z = 256, -s*u + 241 = -z. Is u a prime number?
False
Suppose 2*t = -3*t - w + 277, 0 = -3*t - 2*w + 162. Suppose 0 = 57*a - t*a - 5147. Is a composite?
False
Suppose 5*i - 33360 = p, -22*i + 19*i + 3*p + 20016 = 0. Suppose v + 3*h = 2220, 0 = -5*v + 2*v - 5*h + i. Is v a composite number?
True
Let d(y) = -57*y**2 - 34*y - 216. Let a(m) = 227*m**2 + 138*m + 864. Let k(h) = -2*a(h) - 9*d(h). Is k(-23) composite?
True
Let y(a) = -353*a**2 + 2*a + 6. Let f = -48 + 52. Let l(m) = 354*m**2 - 2*m - 5. Let q(w) = f*l(w) + 3*y(w). Is q(3) prime?
False
Suppose 2*t = 6*t + v - 7975320, -20 = -5*v. Is t composite?
False
Let u = 93429 + 159074. Is u a composite number?
True
Let z(q) = -681*q + 28. Let y(r) = r**2 - 10*r. Let m be y(9). Let o(n) = 170*n - 7. Let t(v) = m*o(v) - 2*z(v). Is t(-4) a composite number?
True
Suppose -3*q + 8*q - 155 = 0. Let g = 427 - 399. Suppose 9609 = q*i - g*i. Is i composite?
False
Let s = -113000 - -195454. Suppose 4*m + 7106 - s = 0. Let p = 28370 - m. Is p prime?
True
Let b(s) = 2597*s**3 - 4*s**2 - 7*s - 3. Is b(2) prime?
True
Let d = -30 - -35. Let h(q) = -210*q - 12. Let s be h(d). Is (8/6)/(3/(s/(-4))) prime?
False
Let j be -3 + 5 - (3 + 2818). Let s = 832 - j. Is s a prime number?
False
Let h(o) = -2*o**3 + 66*o**2 + 22*o + 101. Is h(-20) prime?
True
Let h(l) = l**2 + 3*l - 13. Let m be h(-6). Suppose 7*c + 5 = m. Suppose 4*z + 196 - 2528 = c. Is z prime?
False
Suppose -11292 - 21125 = -7*q. Is q a composite number?
True
Suppose -6931 = -3*x + 8090. Suppose -5*h - 3686 = -l, -2*l = h - 2409 - x. Suppose 22573 + l = 11*k. Is k composite?
False
Let v(z) = -10*z + 7. Let h be v(-2). Let n = -23 + h. Suppose g + 567 = 4*a + 93, -n*a + 476 = -2*g. Is a a composite number?
True
Let u = 1595733 + -590830. Is u a prime number?
True
Suppose 0 = 4*c - b - 61781, 0 = -2*c + 3*b + 13406 + 17477. Is c prime?
False
Suppose 0 = 10*z + 9*z - 54245. Suppose -15*q = -z - 1780. Is q a prime number?
False
Let x(y) = y**2 - 35*y + 485. Let l be x(-35). Suppose c = 2*c. Suppose -61*a + 56*a + l = c. Is a a prime number?
True
Let j = -308 - -326. Is 4/j + 9/((-729)/(-374283)) a composite number?
False
Let p(g) = -2*g**2 + 23*g - 38. Let z be p(9). Is 6*596 - (12 - z) prime?
True
Let p(x) = 2*x**3 + 10*x**2 - 4*x - 7. Let d be p(-5). Let q(r) = -1042*r + 84 - d - 99*r. Is q(-12) a prime number?
True
Let s(b) = -11*b - 99. Let q be s(-9). Suppose a - 4*o = 629, q*o - 3*o + 1902 = 3*a. Is a prime?
False
Let z(f) = 11595*f - 9. Let o be z(2). Suppose 8*q - o - 5635 = 0. Is q prime?
False
Let y = 2 - 16. Let q(b) = -2*b**3 - 19*b**2 - 5*b + 55. Is q(y) a composite number?
False
Let q be (7 - 2) + (-1 - -6 - 7). Suppose q*t - 8797 = -5*l, -6*t = 5*l - 8*t - 8777. Is l composite?
True
Suppose -d = p - 3, 5*d = d - 3*p + 12. Suppose 0 = d*s - 4*a + 10, s + 5*a - 3 = -19. I